- 112987. What is the ten thousands digit of f?
3
Let c = -64925 + 107959. What is the hundreds digit of c?
0
Let o = 653 - -5868. What is the thousands digit of o?
6
Suppose 5*k - 4*g = 68161, 2*k = 150*g - 146*g + 27250. What is the tens digit of k?
3
Let c = 1319 + -2938. Let s = 2342 + c. What is the units digit of s?
3
Let j = 63706 + -44727. What is the ten thousands digit of j?
1
Let i = 181 + -953. What is the hundreds digit of 0 + (2 - i)/2?
3
Let a(s) = 3*s**3 - 9*s**2 + 20*s - 34. Let q be a(13). Suppose -291*d + 287*d = -q. What is the thousands digit of d?
1
Let d = 19662 - 11684. What is the hundreds digit of d?
9
Let s be (-2)/(-7) + 74543/(-49). Let v = -727 - s. What is the tens digit of v?
9
Let q be (-9 - (4 - 6)) + 7. Suppose -h + 362 = -0*p + 3*p, -5*h + p + 1826 = q. What is the units digit of h?
5
Suppose 2*v - 270 = 8*v. Let i be v/(-20) + 4/(-16). Suppose 84 = i*q - 4*r, -4*r - 42 - 78 = -3*q. What is the units digit of q?
6
Let b = -128 - 6. Let c = b - -623. What is the units digit of c?
9
Let f = -31207 + 53759. What is the tens digit of f?
5
Let v = 446 + 284. Let a = v + -29. What is the hundreds digit of a?
7
Let o(z) = -z**3 + 17*z**2 + 63*z - 38. Let j be o(19). Suppose 0 = 4*t - 2229 + j. What is the units digit of t?
8
Let a = -10 + 11. Suppose a = 2*j - 7. What is the tens digit of -7 - -3 - (-2)/(j/102)?
4
Let b = 74763 - 35132. What is the units digit of b?
1
Let w(r) be the first derivative of r**5/40 + r**4/2 + 4*r**3/3 + 4. Let b(u) be the third derivative of w(u). What is the units digit of b(8)?
6
What is the ten thousands digit of (-3569)/(13/(-1170)*10)?
3
Let o = 1 - -114. Suppose -2*g + o = -789. What is the units digit of g?
2
What is the units digit of ((-1)/80*10)/((-1)/51112)?
9
Let j(m) = 113*m**2 + 433*m - 33. What is the ten thousands digit of j(-17)?
2
Let c = 741 + -173. Let p = c + 7. What is the tens digit of p?
7
Suppose -65*i - 31*i = 326813 - 1019933. What is the units digit of i?
0
Suppose 0 = -2*n - 3*p + 34116, 3*n - 5*p - 62601 + 11408 = 0. What is the ten thousands digit of n?
1
Let l = 116 + -123. What is the units digit of l + 47 - 6 - (5 + -2)?
1
Suppose -3*s = -2*s - 3. Suppose 0*q = 5*q - 3*c - 564, -3*q = 5*c - 318. Let v = q + s. What is the units digit of v?
4
Let u be ((-70)/25 + 4)*(-211 - -1). Let s = 415 + u. What is the tens digit of s?
6
Let y(f) = f**3 + 28*f**2 - 13*f + 18. Let m(p) = -14*p**2 + 7*p - 9. Let d(r) = 13*m(r) + 6*y(r). What is the tens digit of d(5)?
5
Let u(v) = v**3 + 22*v**2 - 20*v - 42. What is the thousands digit of u(-13)?
1
Let w be 5*(-8)/40*(-1528)/(-2). Let q = w - -1070. What is the tens digit of q?
0
Let p(j) = 2*j**2. Let d(c) = c**2 + 18*c - 43. Let g(o) = d(o) + p(o). What is the units digit of g(14)?
7
Let w = -69756 - -110433. What is the units digit of w?
7
Suppose 4*t + 24 = 32, 4*r - 4*t = 372. Suppose 4*n - 18 = 2*j, -2*n - 3*n + 9 = 2*j. Suppose -g - g - r = -n*d, g - 25 = -d. What is the units digit of d?
9
Let b = -163 + 169. Let c(s) be the third derivative of s**6/120 - s**5/10 + s**4/8 + s**3 + s**2. What is the units digit of c(b)?
4
Let h = -82318 - -118486. What is the hundreds digit of h?
1
Let h be (-9 - (-637)/78) + (-8854)/(-12). Let l = 260 + h. What is the hundreds digit of l?
9
Let i(u) = 117*u + 22. Let r be i(1). Let h = 277 + r. What is the tens digit of h?
1
Let g be (-111)/(-6) - (-2)/(16/12). What is the units digit of (-896)/g*(-105)/14?
6
Let l(q) = 477*q**2 + 22*q - 258. What is the units digit of l(8)?
6
Let t(x) = 161*x**2 + 7*x + 28. Let m = 592 + -595. What is the units digit of t(m)?
6
What is the units digit of 6 - (-6 + 1 + (-23155)/1)?
6
Let q be (-2)/(((-4)/(-8))/((-837)/4)). Suppose -q = 4*y - 7*y. Let s = y + -134. What is the tens digit of s?
4
Suppose 15*m - 189 = 42*m. Let v(w) = 10*w**2 - 10*w - 40. What is the units digit of v(m)?
0
Suppose h + 2*p - 7530 = 0, 0 = 2*h - 503*p + 498*p - 15051. What is the tens digit of h?
2
Let y(i) = i**2 - 19*i + 54. Let m = 304 - 281. What is the tens digit of y(m)?
4
Let m(u) = -u + 1. Let g be m(3). Let x be (1950/4)/((-1)/g). What is the tens digit of 1/(-2) - x/(-30)?
3
Let h(r) = -r + 20. Let k be h(15). Let w(b) be the third derivative of -b**6/120 + 3*b**5/20 + b**4/4 - 2*b**3 - 4*b**2. What is the hundreds digit of w(k)?
1
Let v be (220/(-165))/((-2)/(-21)). Let u(d) = -39*d - 60. What is the units digit of u(v)?
6
Let j = -4592 - -6721. Suppose -5*r = 2*s - j, 0 = 2*r - 5*s + 4*s - 857. What is the hundreds digit of r?
4
Let q(n) = 51*n + 62. Let f be q(12). Suppose 0 = -2*d + f + 302. What is the hundreds digit of d?
4
Let v(p) be the third derivative of 63*p**5/10 - p**4/24 - 8*p**2 - 2. What is the hundreds digit of v(1)?
3
Suppose 0 = -5*z - 5*l - 2810, -3*z = -8*z + 5*l - 2820. What is the units digit of z*(1 + 2)/(-3)?
3
Suppose -33*h - 4*v - 13424 = -36*h, -3*h = 3*v - 13452. What is the tens digit of h?
8
Let t(o) = 11*o**2 - 140*o - 3961. What is the ten thousands digit of t(78)?
5
Suppose 5*k - 2077 = 3*b + 19141, -k - 2*b = -4254. What is the tens digit of k?
4
Suppose 910 = 2*l + 2*q, 2*l + 5*q + 0*q = 916. Suppose -t + 5*t - 1345 = -3*h, 0 = -h + t + l. What is the units digit of h?
1
Let r be (-4)/34 - (-9386)/17. Let z = 1044 - r. What is the tens digit of z?
9
Suppose 263*w = -3*u + 266*w + 13392, 0 = 5*u - w - 22320. What is the units digit of u?
4
Suppose -2*y = -5*p - 5077, 4*y - 11*p + 8*p - 10175 = 0. What is the thousands digit of y?
2
What is the units digit of 5 + (17001 + 0 - (3 - -5))?
8
Let o be 2/(-4) + (-611)/(-26). Suppose -21*n + o*n = 30. Suppose 2*v - 82 = i, 1 = 4*i - n. What is the tens digit of v?
4
Let u = -11828 + 29687. What is the thousands digit of u?
7
Let w be (-3096)/(-32)*(-32)/(-12). Suppose -2*v = 3*t - 609, 2*v - 2*t = 366 + w. What is the tens digit of v?
0
Let q = -174 - -344. What is the units digit of (-2)/(-5)*17/(q/29600)?
4
Let c(p) = 691*p**2 - p + 75. What is the tens digit of c(5)?
4
Let t(r) = -6993*r**3 + 337*r**2 + 671*r + 5. What is the hundreds digit of t(-2)?
9
Let x(d) = -d**2 + 14*d. Let h be x(14). Suppose -2*f + 2*l + 6 = 3*l, 5*f - 5*l = h. Suppose -f*r + 45 = -17. What is the tens digit of r?
3
Let t(m) = -m**3 - 109*m**2 + 228*m - 367. What is the hundreds digit of t(-112)?
7
Let m(v) = -35*v - 4. Let x be m(1). Let c = x + 38. Let n = 26 + c. What is the units digit of n?
5
Let z be (-85)/12 - (-38)/456. What is the units digit of 0 - (-14 + -2)*(9 + z)?
2
Let s = 118 - 69. Let t = 47 - s. What is the tens digit of 30/42*151 + t/(-14)?
0
Suppose 2*a + 172 = 3*o - 88, -2 = 2*a. Let q = o + -27. What is the units digit of q?
9
Let q(f) = 163*f**3 - 15*f**2 + 9*f - 5. What is the hundreds digit of q(3)?
2
Let g(r) = 5 - 5 - 11 - 2 - 13*r. What is the tens digit of g(-5)?
5
Let u = -223 - -573. Let j = u + -176. What is the units digit of j?
4
Suppose 3*f = 5*r - 8776, 35*r - 5*f = 39*r - 7006. What is the units digit of r?
4
What is the hundreds digit of (1*(-15129)/12)/(0 + (-6)/24)?
0
Let c(o) = o**3 - 2*o**2 - 1. Let n(k) = 4*k**3 + 5*k**2 + 14*k - 41. Let j(p) = 5*c(p) + n(p). What is the hundreds digit of j(5)?
0
Let s(u) = -55*u - 36. Let b = -34 - -28. What is the units digit of s(b)?
4
Let g(j) = j - 13. Let u be g(11). What is the thousands digit of (u + (-442)/(-3))*78/8?
1
Suppose 3*g + 61 = 16. Let l = g + 15. Suppose -2*q + 134 = -l*q. What is the tens digit of q?
6
Suppose -4*b = 4*o + 4328, 15*o = 13*o + 4*b - 2158. Let l = -613 - o. What is the tens digit of l?
6
Let w(p) = -415*p + 1260. What is the hundreds digit of w(-11)?
8
Suppose -g - 387 = 2*g - 3*h, -4*g - 2*h = 540. Let x = g + 561. Suppose -4*k - x = -5*q, 364 = 4*q + 5*k - k. What is the tens digit of q?
8
Let l be -1 + 43/4 - (-1)/4. Let k be 105 - 5/((-25)/l). Let h = k - -8. What is the hundreds digit of h?
1
Let m = 8 - -39. Suppose u + 3*u - 5*n - 51 = 0, -m = -3*u + 2*n. Suppose -r + 4 = 0, -2*r + 17 + u = 2*y. What is the units digit of y?
4
Let j(x) = 1497*x**2 - 63*x - 229. What is the hundreds digit of j(-4)?
9
Let a = 1218 - 459. Let o = a + -518. What is the tens digit of o?
4
Suppose -y + 0*y - 21 = 5*g, 2*y - 18 = 2*g. Suppose -8 = 2*l - y*p, -5*l = -3*l + 4*p - 16. Suppose 4 = -l*